- -23. What is h(g)?
-12
Let k(p) = -3*p**2 - 2*p + 2. Let z be (-7 + (1 - -5))*-1. Give k(z).
-3
Let p(s) = -s - 5. Let i be -2 - (-12)/4 - 1. Let k be (-8 - -7) + (i - 3). Let m = -11 - k. What is p(m)?
2
Let t be (-3)/(-6)*1*-16 + -2. Let s(n) = -n - 15. Let x be s(t). Let b(l) = -l - 12. Let j(y) = 1. Let u(k) = -b(k) - 4*j(k). Calculate u(x).
3
Suppose 52*c = 27*c - 71*c. Let j(m) be the second derivative of 0 - 13/2*m**2 + m - 1/6*m**3. Give j(c).
-13
Let g(f) = -2*f + 11. Let r(x) = x**3 + 16*x**2 + 13*x - 24. Let v be r(-15). What is g(v)?
-1
Let d(a) = 2*a + 21 - 21. Let i be d(-2). Let v = -9 - i. Let g(q) = q**2 + 7*q + 6. Give g(v).
-4
Let s(j) = 2*j**2 - 4*j. Let z(i) = 5*i**2 - 12*i. Let h(d) = 8*s(d) - 3*z(d). Give h(-5).
5
Let y be 12 - 4*(-2 - -3). Suppose 0 = -9*o + y*o - 3. Let m(g) = -g + 2 - g + 5*g - 4. What is m(o)?
-11
Let t(h) = -h**2 - 9*h - 15. Let w be 1/(-3) + 30/27*-6. Calculate t(w).
-1
Let p = 8 - 2. Let j(m) = 3*m + 116 - 26 - 32 - 29 - 33. Give j(p).
14
Let x(k) be the first derivative of -k**2/2 - 5*k - 2. Let b(c) = -c**2 + 7*c - 11. Let s be b(6). Calculate x(s).
0
Let z(y) = -4*y - 7. Suppose 0 = 2*g + 61 - 11. Let h = g - -28. Suppose h*q + 3*r + 9 = 0, -q - q - 5*r = 0. Calculate z(q).
13
Let r(v) = v**3 - 4*v**2 - 6*v + 2. Let i = -44 - -13. Let h = i - -36. What is r(h)?
-3
Let y(n) = n - 7. Suppose -4*w + 29 = 4*r + 1, 4*w - 8 = 0. Calculate y(r).
-2
Let w(q) = 148 - 87 + 9*q**2 + 21*q + 3*q**3 - 71 - 4*q**3 - q**2. Determine w(10).
0
Let q(m) = -7*m**3 + m**2 + m + 1. Suppose 6 = 3*v, 2*v + 3*v - 8 = -2*a. Give q(a).
8
Suppose 2270*d - 2275*d - 15 = 0. Let v(o) be the second derivative of 1/3*o**3 + 1/12*o**4 + 1/2*o**2 - 2*o + 0. Calculate v(d).
4
Let b(p) = -p - 175 + 2*p + 193. What is b(0)?
18
Let f(d) be the second derivative of -d**6/120 + d**5/10 + d**4/6 - 5*d**3/6 + 5*d**2/2 - 37*d. Let l(i) be the first derivative of f(i). Determine l(6).
19
Let k(o) = -7*o - 12. Let i(u) = -7*u - 14. Let s(r) = 6*i(r) - 7*k(r). Calculate s(-1).
-7
Let f(n) = -n**2 - 2*n - 2. Suppose 0 = -59*x + 133 + 162. Determine f(x).
-37
Let a(y) = -2*y**2 - 36*y + 3. Suppose 117*i + 1548 = 31*i. Determine a(i).
3
Suppose 10*u + 8*u = -0*u. Let l(a) be the third derivative of u - 2*a**2 + 0*a**4 + 0*a + 1/60*a**5 + 7/6*a**3. What is l(0)?
7
Let w(c) be the third derivative of c**6/120 - 2*c**5/15 - c**4/8 - 5*c**3/3 - 16*c**2 + 8. Calculate w(8).
-34
Let n(b) = -102*b + 8 + 303*b - b**2 - 105*b - 99*b. Calculate n(-6).
-10
Let u(y) = y**2 + 13*y + 26. Let f = -305 + 294. Determine u(f).
4
Let i(g) be the second derivative of g**4/6 - 3*g**3/2 + 3*g**2 - 521*g. Give i(6).
24
Let q(s) = -s - 10. Let y be ((-3)/(3/(-80)))/1. Let g be 18/(-4)*y/60. What is q(g)?
-4
Let k(z) be the second derivative of -z**4/12 - 8*z**3/3 - 31*z**2/2 + 8*z + 4. What is k(-13)?
8
Let i(l) = -2*l - 8. Suppose m + 6 = 4*w, 5*m + 4 = 3*m. Let x be -5 - (2 - w) - (-6 - -7). Calculate i(x).
6
Let f(r) = -3*r**3 - 12*r**2 - 4*r - 20. Let w(l) = -8*l**3 - 33*l**2 - 11*l - 58. Let n(z) = -11*f(z) + 4*w(z). Calculate n(0).
-12
Let g(p) = -3*p**2 - 10. Let q be g(3). Let k = q + 42. Let a(c) = 6 - 4*c**2 - 5*c + 26*c**3 - 1 - 25*c**3 + 1. What is a(k)?
6
Let q(z) be the second derivative of 5*z**3/6 - 2*z**2 + 89*z. Determine q(2).
6
Let w(f) = -8*f - 6 + 0 + 7. Determine w(2).
-15
Let v(a) = a + 2. Suppose 5*w + 103 = 328. Let f be (-3)/(-1)*w/(-27). Calculate v(f).
-3
Let i(a) = a**3 + 4*a**2 - 5*a - 1. Let g = -11 + 15. Suppose 2*w - h + 10 = 3, 4*w + 32 = -g*h. What is i(w)?
-1
Let b(i) = i - 1. Let c(k) = -k**3 + 13*k**2 - 8*k - 12. Let d be c(12). Let g = 31 - d. Determine b(g).
-6
Let y(i) = -2*i**2 - 5*i - 2. Let v = 22 + -41. Let l = -22 - v. Calculate y(l).
-5
Let s = -37 - -11. Let i = s + 19. Let c(p) = -p - 14. Determine c(i).
-7
Suppose -2*b = -5*q - 2, 3*b = -2*q + 5 - 2. Suppose -4*a = -y + 22, y + 0*y - 3*a - 18 = 0. Let j(k) = -k**2 + 5*k + 4*k**3 - 5*k**3 + 2 - y*k. Calculate j(q).
2
Suppose 15 = 2*k + 5*z - 4*z, -3*k + 5*z + 3 = 0. Let o(c) = -c**2 + 7*c - 2. Calculate o(k).
4
Let l = -2 - 6. Let c(r) = 483 - 124 - 121 - 121 + 7*r + r**2 - 127. What is c(l)?
-2
Suppose 2 = -2*w + 2*d, -8*w + 9*w + 7 = 3*d. Let t(u) be the third derivative of u**4/24 + u**2. Give t(w).
2
Let d(j) = j**3 - 2*j**2 - j + 1. Let k = -21 + 34. Suppose 0 = -a + 3*v + k, a = v + 1 + 4. Determine d(a).
-1
Let a(p) = -p + 2. Let z be a(-3). Let h(m) = -m**2. Let i(k) = k**3 - 11*k**2 + 6*k + 3. Let j(o) = 5*h(o) - i(o). What is j(z)?
-8
Let w(g) be the first derivative of -5*g**2/2 - g + 1. Let x(u) = -u**2 - 4*u - 3. Let v be x(-2). Let h = 2 - v. Determine w(h).
-6
Let t(k) = -2*k**3 + 12*k**2 - 10*k + 17. Let s(v) = -11*v - 22*v - 3*v**3 + 26 - 20*v + 18*v**2 + 38*v. Let l(i) = -5*s(i) + 8*t(i). Determine l(5).
6
Let h(n) = -2 - 2 + n - 2. Let l be h(5). Let y(z) = -3*z + 5 - 4 - 4*z + 15*z - z. Give y(l).
-6
Let j(q) = q**2 + 5*q + 3. Let x(b) = -b**2 + 5*b - 11. Let t be x(3). Calculate j(t).
3
Let y be (10/3)/((-2)/(-3)). Let l(d) = d**2 - 5*d - 5. Let p be l(y). Let c(x) = -x + 2. Determine c(p).
7
Let l(y) = y + 2*y**3 - 3 + 0*y**3 - 3*y**3 + 4*y**2. Let k(f) = -173*f + 177. Let p be k(1). Determine l(p).
1
Let o(n) = -2*n**2 - 3*n. Suppose 0 = -2*m - 19 + 17. Let p be m*(-2)/(-1)*1. What is o(p)?
-2
Let o(j) = -3*j**3 - 2*j**2 - 2*j - 1. Let l = -30 - -51. Let n = -13 + 24. Suppose 5*y + l = -4*a, -3*a - n + 1 = -2*y. What is o(y)?
2
Let n(k) = -k + 26. Let a be n(22). Let d(b) = 5*b + 6. Let j(q) = -6*q - 7. Let h(w) = a*j(w) + 5*d(w). Determine h(6).
8
Suppose -3*t + 3*v = -15, v - 4 = t + 3*v. Suppose 0*k - t*k = 18. Let p = -5 - k. Let g(d) = d**3 - 4*d**2 + d - 3. Calculate g(p).
1
Let j be (-3)/((-6)/4)*16. Suppose 0 = 4*m + j - 32. Let f(a) = 14*a**2 - 3*a + 27. Let y(o) = -5*o**2 + o - 9. Let b(w) = 6*f(w) + 17*y(w). What is b(m)?
9
Let f(m) be the third derivative of -m**6/120 - m**5/60 - m**4/24 - m**3/6 + 41*m**2. Calculate f(-2).
5
Let j(x) = -x - 9. Suppose -2*m + 85 = -7*m. Let p = -17 - m. Give j(p).
-9
Let o(i) = i**3 + i**2 - i - 1. Suppose 7*u - 970 = -977. What is o(u)?
0
Let v(m) = -m**3 + 5*m**2 - m + 2. Suppose -2*j - 4*d = -22, -5 = 5*j - 3*d - 8. What is v(j)?
17
Suppose -2*d + 3 - 5 = 0. Let g be ((-16)/20)/(d/(-10)). Let j = g + 8. Let c(m) = -m**2 + m + 6. Give c(j).
6
Let m(w) = w**3 - 11*w**2 - 9*w + 10. Let z(c) = -c**2 - 21*c + 12. Let x be z(0). Calculate m(x).
46
Let j be (-5 - -1)*1 - -8. Suppose -j*h + 0*a - 2*a = 14, -2*h + 2*a = 10. Let b(f) = -2*f - 4*f**2 - 4*f + 2*f**2. Determine b(h).
-8
Let p(u) = 2*u**3 - 5*u**2 + 5*u - 4. Suppose -26 = -22*h + 40. What is p(h)?
20
Let i(w) be the second derivative of -w**4/12 - 3*w**3/2 + w**2 - 19*w - 1. Determine i(-5).
22
Let h(x) be the first derivative of x**2/2 + 20*x + 197. Determine h(-9).
11
Let a(x) = 32*x**2 - 42*x**2 + x**3 - 8 + 23*x**2. Calculate a(-13).
-8
Let b(x) = x**2 + 8*x + 9. Suppose n + 1 = -0*n. Suppose 4*z - 2*z + 4 = 0. Let r be (-6 - 0)/(n - z). What is b(r)?
-3
Suppose s = 4*s - 21. Let o(m) = -9*m**3 + 6*m**2 + 4*m - 7. Let v(n) = 10*n**3 - 7*n**2 - 5*n + 8. Let p(l) = s*o(l) + 6*v(l). Determine p(-1).
4
Let x(j) = -15*j**2 + j - 3. Let d(t) = t**2 + 5*t**2 - 5*t**2 + 1. Let k(o) = -3*d(o) - x(o). Suppose 2*r - 1 - 3 = -b, 5*r = -b + 7. Determine k(r).
11
Let y(v) = -3*v**3 - 4*v**2 - 2*v. Suppose -m = 4*j - 3*j + 7, 5 = -j. Give y(m).
12
Suppose -2*j + 5*j = -12. Let u(k) = 19 + 29 - 49 + 2*k. What is u(j)?
-9
Let o(d) = -d**2 - 29*d - 5. Let k(y) = 4*y + 1. Let l(a) = 3*k(a) + o(a). Determine l(-16).
14
Let b(w) = w**3 - 7*w**2 + 7. Suppose -6*c - 3 = -5*c, 0 = 3*l + 5*c - 6. Give b(l).
7
Suppose -3*n = y - 1 - 8, -y = -5*n + 15. Let g(b) = 3*b**3 + b**2 + b + 14. Let x(i) = 13*i**3 + 5*i**2 + 4*i + 56. Let q(j) = 9*g(j) - 2*x(j). What is q(y)?
14
Let h(f) be the first derivative of f**4/4 + 13*f**3/3 - f**2 - 18*f - 19. What is h(-13)?
8
Let a be (-14 + 0)*(-72)/(-16)*-1. Let g = a + -67. Let t(f) = -f. Determine t(g).
4
Let q(x) = x**2 + x - 1. Let c(n) = n**3 - 10*n**2 + 3*n + 9. Let d(t) = c(t) + 3*q(t). Give d(6).
6
Let o(n) = -n**3 - 7*n**2 + 8*n + 1. Suppose 4*f = 209 - 49. Suppose 23*m = 18*m - f. Calculate o(m).
1
Suppose -3*f +